cond derivative of -q**4/4 + q**3/6 + q**2 - 3*q. What is l(n)?
-8
Let y(q) = 0*q**3 - 209*q - 1 + 211*q - q**3. Calculate y(2).
-5
Let u(f) = -f**2 + 2 - 1 - f - 5. Suppose 5*l - 62 = 3*h + 16, -3*l - 4*h + 70 = 0. Suppose 5*o - 3 = -l. What is u(o)?
-10
Suppose 0 = -3*j - 15 - 9. Let f = 12 + j. Let y(k) = -k**3 + k**2 - 5 + 0 - f*k + 5*k**2 + 0. What is y(5)?
0
Let i(s) be the third derivative of -3*s**2 + 0*s - 1/24*s**4 + 0 + 2/3*s**3. What is i(4)?
0
Let r(x) = -3*x**2 - 2 + 1 + 0*x**2 + 0*x**2. Let q = -42 - -41. Determine r(q).
-4
Suppose 3*q - 4 = q. Suppose 6*x = -t + 2*x - q, 10 = 4*t - 2*x. Let v(f) = 2*f**2 + 0*f**2 - 4 - 5*f**3 + 3*f**3 + 3 + f. Determine v(t).
-7
Suppose 5*j = -x + 39, 0*x + 3*j = -2*x + 57. Let p(t) = x*t + t**3 - 27*t - 2 + 2 + 2*t**2. What is p(-3)?
0
Let h(u) = 3*u + 7. Let b(f) = -f - 3. Let m(d) = -9*b(d) - 4*h(d). Give m(2).
-7
Suppose 2*z - 4 = 28. Let u(y) = -7*y + 1 - 6*y + 2*y**2 - y**2 + z*y. Give u(-4).
5
Let w(a) be the first derivative of -a**3/3 - a**2/2 + 6*a + 11. Give w(0).
6
Let t(v) be the second derivative of -v**5/60 - v**4/12 - v**3/2 + 3*v**2/2 - 2*v. Let f(d) be the first derivative of t(d). Give f(-2).
-3
Let t(l) be the second derivative of l**4/12 - l**3 + l**2/2 - 7*l. Determine t(4).
-7
Let q = -66 + 64. Let d(p) = -p**3 - 2*p**2 - p - 1. What is d(q)?
1
Let b(n) = n**2 + 10*n - 4. Let p be b(-10). Let a(g) = -g**3 - 5*g**2 - 4*g + 3. Determine a(p).
3
Suppose -3*b - 2 = -8. Let d(v) = v**b - 1 + 8 + 6*v - 1. Determine d(-5).
1
Suppose 3*f + 2*f = 0. Let n = 3 + f. Let k(y) = -n*y + 5*y - y - 1. What is k(1)?
0
Let c = 15 - 21. Let w(x) = -6*x**2 - 2*x**3 + x + 3*x**3 + 5 - 2*x**3. Give w(c).
-1
Let h = 60 + -65. Let s(o) be the first derivative of o**2 + 7*o + 1. Determine s(h).
-3
Let g(r) be the third derivative of r**4/12 - r**3/2 + 4*r**2. Suppose 2*s + 0*s - 6 = 0. What is g(s)?
3
Let f(z) = -3*z**2 - 11*z - 20. Let a(w) = -2*w**2 - 7*w - 13. Let j(c) = -8*a(c) + 5*f(c). Let k = 0 + 0. Calculate j(k).
4
Let t(r) = r**2 - 4*r + 2. Suppose z + 5 = 1, -78 = -2*q + z. Suppose -2*v - 3 + 4 = -w, 5*w + 4*v = q. Determine t(w).
7
Let o = -2 - 0. Let m be 1/2 - (-11)/o. Let f(t) be the second derivative of t**5/20 + 5*t**4/12 - t**3/3 - 3*t**2/2 + 3*t. Determine f(m).
7
Let p(u) = -u**2 - 4*u + 3. Suppose 0*s - 2*s = -5*o + 4, -s = -4*o + 5. Suppose 0*r - 2*r + 38 = -4*a, 4*r - 62 = a. Suppose -j - o*j - r = 0. Give p(j).
-2
Let y(i) = -52*i + 27*i + 28*i - 2. What is y(2)?
4
Let p(k) = k**3 + k**2 - k. Suppose 4*i - 8 = 4*v, -3*v = -0*v - i. Let n be p(v). Let h(u) = -2*u + 3*u - n + 4*u. Determine h(2).
9
Suppose 5*v + 3*x + 36 = 4*x, 2*v - 3*x = -4. Let g(i) = -i**3 - 9*i**2 - 7*i + 8. What is g(v)?
0
Let l(i) = i**2 - 7*i - 4. Let n be 2 - -2 - (-2 - 1). What is l(n)?
-4
Suppose 2*v + 4*a - 32 = -2*v, 5*v = -2*a + 25. Let y(u) = -u**v + 12*u**2 - 14*u**2 + u + u + 3. Give y(-2).
-1
Let t(b) = -b + 3. Suppose a = -3*a - 24. Let x(g) = -g**3 - 6*g**2 - 7. Let r be x(a). What is t(r)?
10
Let n be 2/(-7) + 112/49. Suppose -2*t - n = 10. Let c = t - -11. Let y(h) = -h**3 + 6*h**2 - 5*h. Calculate y(c).
0
Let i(h) = 3 + 3*h - h - 2 + 4. Suppose -3*j = s + 11, -6*j = -j - 5*s + 45. What is i(j)?
-5
Let m(q) be the first derivative of q**4 - q**3/3 + q**2/2 - q - 1. Let k be -4 + 2 - (-1 - 1). Suppose -2*p = -w + 1, k = -2*w - w - 4*p + 3. Determine m(w).
3
Let f(k) = k**3 - 4*k**2 - 7*k + 5. Let p be f(5). Let x(q) = q + 4. Let a be x(p). Let v(s) = -11*s - 1. What is v(a)?
10
Let q(b) = -b**2 + 7*b + 1. Suppose -r = r - 12. Calculate q(r).
7
Let o(g) = -9*g - 1. Let p(c) = -26*c - 3. Let z(w) = -7*w + 4. Let h be z(3). Let s(q) = h*o(q) + 6*p(q). Give s(-2).
5
Let o(i) be the second derivative of i**5/20 - i**4/12 + i**3/6 - i**2/2 - 10*i. Let w(r) = -r**2 - 7*r + 2. Let y be w(-7). Calculate o(y).
5
Let y(w) be the second derivative of w**5/20 - 5*w**4/12 + w**3/3 + 3*w**2/2 - 2*w. Let d = -1 - -4. What is y(d)?
-9
Suppose -4*m = 40 - 16. Let b(q) = -q**2 - 7*q - 6. Calculate b(m).
0
Let a(i) = -16*i**2 - 10*i - 26. Let b(m) = -m**2 + 0*m**2 + 1 - 3. Let y be b(0). Let f(x) = 3*x**2 + 2*x + 5. Let z(s) = y*a(s) - 11*f(s). What is z(-2)?
-3
Let i(s) be the third derivative of s**4/12 + 7*s**3/6 + 2*s**2 - 26*s. Suppose 4*d = 4*p, -3*d - 28 + 8 = p. Give i(d).
-3
Suppose -4 - 11 = -3*i. Let h(c) = c**2 - 5*c + 6. Let a be h(5). Let z(r) = -5*r - a*r - 6 + 13*r. Determine z(i).
4
Let d(w) be the first derivative of -w**3/3 - 2*w**2 + 6*w + 1. Let h be (-6)/14 + 186/42. Let y = -2 - h. Give d(y).
-6
Let b(j) = 1 - j - 2 - 4. Let u be b(0). Let a(m) = m**3 + 4*m**2 - 4*m. Give a(u).
-5
Let s(b) = -b + 1. Let o(z) = 7*z - 2. Let y(g) = -o(g) - 5*s(g). Calculate y(-10).
17
Let w(h) = h**2 + 10*h - 1. Let t(u) = u**3 + 9*u**2 + 10*u + 7. Let j be t(-8). Let p = -19 - j. Let m be w(p). Let z(d) = 3*d**2 - 1. What is z(m)?
2
Let r(g) = 6*g**3 + 5*g**2 - 16*g + 4. Let x(q) = -q**3 - q**2 + 3*q - 1. Let k(a) = 2*r(a) + 11*x(a). Give k(0).
-3
Let x be (-1 + 2/6)*6. Let r(a) = 9*a - 1 + 0 - 17*a + 10*a. What is r(x)?
-9
Let c(s) = -s + 13. Let i be c(11). Let k(d) = 4*d**2 + 0*d**2 + d**i - 4*d**2 - 2 - d. Calculate k(-3).
10
Let a(p) be the second derivative of -p**4/6 + p**3/6 - 2*p. Determine a(-1).
-3
Let j(t) = -t**2. Suppose 5*x + 18 + 7 = 0. Let k(p) = 3*p**2 - 3*p - 1. Let v(o) = x*j(o) - k(o). Give v(-3).
10
Let x(l) = -6*l + 2. Let y be 3 - 8 - 12/(-4). What is x(y)?
14
Let d(k) = -k - 4. Suppose -6 = 2*y - 16. Determine d(y).
-9
Let c(j) = -4*j**2 - 2*j + 5. Let v(d) = 2*d**2 + d - 3. Let f(g) = -3*c(g) - 5*v(g). Let z be ((-34)/(-51))/(2/(-3)). What is f(z)?
1
Let l(d) = -6*d - 14. Let j(b) = -4*b - 9. Let z(s) = 8*j(s) - 5*l(s). Let m(n) = -2*n - 2. Let p(r) = -4*m(r) + 3*z(r). Determine p(3).
8
Let j = 6 - 1. Let s(z) be the second derivative of z**5/20 - z**4/3 - 5*z**3/6 - 2*z**2 - 5*z. What is s(j)?
-4
Let t(y) be the third derivative of y**6/360 + y**5/40 - y**4/24 + y**2. Let w(q) be the second derivative of t(q). Suppose -21*a - 76 = -2*a. Give w(a).
-5
Let h(n) = -n**2 + 2*n + 7. Let g = -8 + 6. Let r = g + 7. Calculate h(r).
-8
Let q = 71 - 74. Let k(h) = -h**3 - 2*h**2 - 3*h - 1. Determine k(q).
17
Let k(b) = -3*b**3 + 4*b**2 + 9*b + 5. Let c(r) = -2*r**3 + 2*r**2 + 5*r + 3. Let t(a) = 5*c(a) - 3*k(a). What is t(-2)?
4
Let a(j) = 2*j - 7*j - 3 + 3*j + 6. Calculate a(2).
-1
Let q(r) = -r**2 + 6*r - 6. Suppose x + 3*x = -a, -2*a + 2*x + 10 = 0. Suppose -w + 3*i + 14 = 0, -a*w + 3*i + 17 = 4*i. Give q(w).
-1
Let p(t) be the second derivative of t**5/120 - 3*t**4/8 - t**3/3 + t. Let l(x) be the second derivative of p(x). Let u = -56 - -60. Calculate l(u).
-5
Suppose 0*s - 3*s = -9. Let a(p) be the first derivative of p**4/4 - 2*p**3/3 - p**2/2 - 1. What is a(s)?
6
Let s(j) = j**3 - 4*j**2 - 8*j + 3. Suppose 3*a = -a + 8. Suppose 5*p - b = 23, -a*b - 21 = -9*p + 4*p. Calculate s(p).
-12
Let w(k) be the second derivative of k**5/20 + k**4/12 + k**3/6 - k**2/2 + 8*k. Calculate w(1).
2
Let j(m) = 3*m - 15. Let d(p) = -2*p**2 + 7*p + 21. Let l be d(5). Calculate j(l).
3
Suppose 6 + 19 = 5*v. Let f(g) = -6 - 14*g**3 - 6*g**2 - v*g - 13*g**3 + 26*g**3. Calculate f(-5).
-6
Let t(o) = -2*o + 1. Let l be 1/2 - 14/4. Let c(v) = 2*v + 4. Let n be c(l). Give t(n).
5
Let o(q) = -q**3 + 9*q**2 - 9*q + 12. Let v = -39 - -47. Determine o(v).
4
Let s be 4*((-15)/(-6))/5. Let g(k) = -4*k**3 - 2*k - 1. Let n be g(-1). Suppose -n*h = -s*t, -3*h - 10 = -4*t + 4. Let b(l) = 2*l - 6. Give b(t).
4
Let r = -88 + 85. Let x(f) = -f**3 - 5*f**2 - 4*f + 1. What is x(r)?
-5
Let w be (-4)/(-14) + (-26)/(-7). Let v(y) = -y**2 - 5*y + 16. Let m be v(-7). Let g(q) = m + w + q - 5. Give g(0).
1
Let v(j) be the first derivative of j**5/60 + j**4/6 - 2*j**3/3 + 11*j**2/2 - 4. Let r(g) be the second derivative of v(g). Give r(-4).
-4
Let y(m) = -m + 2. Suppose 0 = 4*r - 15 - 9. Calculate y(r).
-4
Let v(z) be the first derivative of -2*z**3/3 + 3*z**2/2 - z - 1. Calculate v(3).
-10
Let l be (-3)/15 + (-58)/10. Let n(u) = -2*u**2 - 7 - 4*u + u**2 - 4*u. Calculate n(l).
5
Let s = 6 + -3. Let l(h) = s*h - 5*h + 1 + 0. Suppose 0 = g - 3 + 4. Give l(g).
3
Let k(p) = -2*p + 5*p - 3*p - p + 6. Let m be 30/4*(-20)/(-25)*1